{"id":634,"date":"2019-03-04T15:41:27","date_gmt":"2019-03-04T18:41:27","guid":{"rendered":"http:\/\/www.encontrabelem.com.br\/sobre\/?page_id=634"},"modified":"2019-03-04T15:42:40","modified_gmt":"2019-03-04T18:42:40","slug":"receita-federal-belem","status":"publish","type":"page","link":"https:\/\/www.encontrabelem.com.br\/sobre\/receita-federal-belem","title":{"rendered":"Receita Federal Bel\u00e9m"},"content":{"rendered":"<div class=\"b22802487b0d38c4c6d9f34966e16421\" data-index=\"1\" style=\"float: none; margin:0px;\">\n<!-- Anuncio display - global -->\r\n<ins class=\"adsbygoogle\"\r\n     style=\"display:block\"\r\n     data-ad-client=\"ca-pub-8585364105181520\"\r\n     data-ad-slot=\"8789329856\"\r\n     data-ad-format=\"auto\"\r\n     data-full-width-responsive=\"true\"><\/ins>\r\n<script>\r\n     (adsbygoogle = window.adsbygoogle || []).push({});\r\n<\/script>\n<\/div>\n<p>A unidade da\u00a0<strong>Receita Federal de Bel\u00e9m<\/strong>\u00a0atende Pessoas F\u00edsicas (CPF) e tamb\u00e9m as empresas (Pessoa Jur\u00eddica \u2013 CNPJ). S\u00e3o v\u00e1rios servi\u00e7os oferecidos pelo atendimento do \u00f3rg\u00e3o na unidade da regi\u00e3o.<\/p>\n<p>A RFB \u00e9 respons\u00e1vel por v\u00e1rios servi\u00e7os e fiscaliza\u00e7\u00f5es, dentre suas responsabilidades est\u00e3o: administra\u00e7\u00e3o de tributos federais, impostos, controle aduaneiro e combate a v\u00e1rios crimes como: pirataria, contrabando, sonega\u00e7\u00e3o de impostos, tr\u00e1fico de drogas ou animais, dentre outras responsabilidades.<em><br \/>\n<\/em><\/p>\n<p><img loading=\"lazy\" decoding=\"async\" class=\"alignnone wp-image-635 size-full\" title=\"Receita Federal Bel\u00e9m\" src=\"http:\/\/www.encontrabelem.com.br\/sobre\/wp-content\/uploads\/2019\/03\/receita-federal-belem.gif\" alt=\"Receita Federal Bel\u00e9m\" width=\"680\" height=\"189\" \/><\/p>\n<h2>Receita Federal Bel\u00e9m Agendamento<\/h2>\n<div id=\"a9ff172411e2475595abfad5ee2fe106\" class=\"tile tile-default\" data-tile=\"@@collective.cover.richtext\/a9ff172411e2475595abfad5ee2fe106\">\n<div class=\"cover-richtext-tile tile-content\">\n<div align=\"left\">\n<p align=\"justify\">Para que voc\u00ea n\u00e3o precise se deslocar at\u00e9 uma unidade de atendimento, a\u00a0<em>Receita Federal\u00a0<\/em>oferece dezenas de servi\u00e7os via internet.<strong>\u00a0<\/strong><a class=\"internal-link\" title=\"\" href=\"http:\/\/idg.receita.fazenda.gov.br\/interface\/lista-de-servicos\" target=\"_blank\" rel=\"noopener noreferrer\">Clique aqui para conhec\u00ea-los<\/a><\/p>\n<ol>\n<li>N\u00e3o ser\u00e3o executados servi\u00e7os diferentes daqueles inclu\u00eddos na senha agendada. Caso esteja em d\u00favida sobre o servi\u00e7o, clique nos detalhes para ver sua descri\u00e7\u00e3o. Alguns deles s\u00f3 ser\u00e3o atendidos em unidades localizadas na jurisdi\u00e7\u00e3o do domic\u00edlio fiscal do contribuinte. Os servi\u00e7os da Procuradoria da Fazenda Nacional est\u00e3o relacionados no grupo da D\u00edvida Ativa da Uni\u00e3o.<\/li>\n<li>N\u00e3o ser\u00e3o aceitos como documentos de identidade: certid\u00f5es de nascimento ou casamento, CPF, t\u00edtulos eleitorais, carteiras de motorista (modelo sem foto ou com o per\u00edodo de validade vencido), carteiras de estudante, carteiras funcionais sem valor de identidade,\u00a0documentos ileg\u00edveis, n\u00e3o identific\u00e1veis e\/ou danificados.<\/li>\n<\/ol>\n<\/div>\n<\/div>\n<\/div>\n<h3>Receita Federal Bel\u00e9m CPF<\/h3>\n<p>Atrav\u00e9s deste servi\u00e7o da\u00a0<strong>Receita Federal Goi\u00e2nia<\/strong>\u00a0\u00e9 poss\u00edvel:<\/p>\n<ul>\n<li>Regularizar Cadastro de CPF<\/li>\n<li>Alterar Cadastro de CPF<\/li>\n<li>Segunda Via de CPF<\/li>\n<li>CPF no Celular<\/li>\n<\/ul>\n<p>Para consultar e realizar um destes procedimentos de\u00a0CPF da Receita Federal de\u00a0Goi\u00e2nia acesse o\u00a0<a href=\"https:\/\/idg.receita.fazenda.gov.br\/orientacao\/tributaria\/cadastros\/cadastro-de-pessoas-fisicas-cpf\/cpf-cadastro-de-pessoas-fisicas\" target=\"_blank\" rel=\"noopener noreferrer\">www.idg.receita.fazenda.gov.br\/cpf<\/a><\/p>\n<h3>Hor\u00e1rio de Atendimento Receita Federal em Bel\u00e9m<\/h3>\n<ul>\n<li><strong>Receita Federal F\u00e1tima:<\/strong>\u00a0Segunda a Sexta das 07h \u00e0s 19h<\/li>\n<li><strong>Receita Federal Nazar\u00e9:<\/strong> Segunda a Sexta das 08h30 \u00e0s 17h30<\/li>\n<\/ul>\n<h3>Endere\u00e7o e Telefone Receita Federal de Bel\u00e9m<\/h3>\n<ul>\n<li><strong>Receita Federal F\u00e1tima:<\/strong> Av. Governador Jos\u00e9 Malcher, s\/n &#8211; Telefone: (91) 32110-5657<\/li>\n<li><strong>Receita Federal Nazar\u00e9:<\/strong> Travessa Rui Barbosa, 1039 &#8211; Telefone: (91) 3223-8658<\/li>\n<\/ul>\n<h4>Outras informa\u00e7\u00f5es e site<\/h4>\n<ul>\n<li>Mais informa\u00e7\u00f5es:\u00a0<a href=\"http:\/\/idg.receita.fazenda.gov.br\/\" target=\"_blank\" rel=\"noopener noreferrer\">www.idg.receita.fazenda.gov.br<\/a><\/li>\n<\/ul>\n<h4>Mapa de localiza\u00e7\u00e3o\u00a0Receita Federal F\u00e1tima<\/h4>\n<a class=\"wp-colorbox-iframe\" href=\"https:\/\/www.google.com\/maps\/embed?pb=!1m18!1m12!1m3!1d3988.5419252377537!2d-48.48277958524584!3d-1.4493230989430064!2m3!1f0!2f0!3f0!3m2!1i1024!2i768!4f13.1!3m3!1m2!1s0x92a48e9da1ae254d0x5039088de2901a40!2sAv.+Gov.+Jos+Malcher+Belm+-+PA!5e0!3m2!1spt-BR!2sbr!4v1551724648713\"><img decoding=\"async\" src=\"http:\/\/www.encontrabelem.com.br\/imgs\/maps-post.png\"><\/a>\n\n<div style=\"font-size: 0px; height: 0px; line-height: 0px; margin: 0; padding: 0; clear: both;\"><\/div>","protected":false},"excerpt":{"rendered":"<p>A unidade da\u00a0Receita Federal de Bel\u00e9m\u00a0atende Pessoas F\u00edsicas (CPF) e tamb\u00e9m as empresas (Pessoa Jur\u00eddica \u2013 CNPJ). S\u00e3o v\u00e1rios servi\u00e7os oferecidos pelo atendimento do \u00f3rg\u00e3o na unidade da regi\u00e3o. A RFB \u00e9 respons\u00e1vel por v\u00e1rios servi\u00e7os e fiscaliza\u00e7\u00f5es, dentre suas responsabilidades est\u00e3o: administra\u00e7\u00e3o de tributos federais, impostos, controle aduaneiro e combate a v\u00e1rios crimes como: pirataria, contrabando, sonega\u00e7\u00e3o de impostos, tr\u00e1fico de drogas ou animais, dentre outras responsabilidades. Receita Federal Bel\u00e9m Agendamento Para que voc\u00ea n\u00e3o precise se deslocar at\u00e9 uma unidade de atendimento, a\u00a0Receita Federal\u00a0oferece dezenas de servi\u00e7os via internet.\u00a0Clique aqui para conhec\u00ea-los N\u00e3o ser\u00e3o executados servi\u00e7os diferentes daqueles <\/p>\n","protected":false},"author":1,"featured_media":0,"parent":0,"menu_order":0,"comment_status":"closed","ping_status":"closed","template":"","meta":{"footnotes":""},"class_list":["post-634","page","type-page","status-publish","hentry"],"aioseo_notices":[],"_links":{"self":[{"href":"https:\/\/www.encontrabelem.com.br\/sobre\/wp-json\/wp\/v2\/pages\/634","targetHints":{"allow":["GET"]}}],"collection":[{"href":"https:\/\/www.encontrabelem.com.br\/sobre\/wp-json\/wp\/v2\/pages"}],"about":[{"href":"https:\/\/www.encontrabelem.com.br\/sobre\/wp-json\/wp\/v2\/types\/page"}],"author":[{"embeddable":true,"href":"https:\/\/www.encontrabelem.com.br\/sobre\/wp-json\/wp\/v2\/users\/1"}],"replies":[{"embeddable":true,"href":"https:\/\/www.encontrabelem.com.br\/sobre\/wp-json\/wp\/v2\/comments?post=634"}],"version-history":[{"count":0,"href":"https:\/\/www.encontrabelem.com.br\/sobre\/wp-json\/wp\/v2\/pages\/634\/revisions"}],"wp:attachment":[{"href":"https:\/\/www.encontrabelem.com.br\/sobre\/wp-json\/wp\/v2\/media?parent=634"}],"curies":[{"name":"wp","href":"https:\/\/api.w.org\/{rel}","templated":true}]}}