{"id":619,"date":"2019-03-04T06:29:25","date_gmt":"2019-03-04T09:29:25","guid":{"rendered":"http:\/\/www.encontrabelem.com.br\/sobre\/?page_id=619"},"modified":"2019-03-04T06:30:56","modified_gmt":"2019-03-04T09:30:56","slug":"populacao-belem","status":"publish","type":"page","link":"https:\/\/www.encontrabelem.com.br\/sobre\/populacao-belem","title":{"rendered":"Popula\u00e7\u00e3o Bel\u00e9m"},"content":{"rendered":"<div class=\"b22802487b0d38c4c6d9f34966e16421\" data-index=\"1\" style=\"float: none; margin:0px;\">\n<!-- Anuncio display - global -->\r\n<ins class=\"adsbygoogle\"\r\n     style=\"display:block\"\r\n     data-ad-client=\"ca-pub-8585364105181520\"\r\n     data-ad-slot=\"8789329856\"\r\n     data-ad-format=\"auto\"\r\n     data-full-width-responsive=\"true\"><\/ins>\r\n<script>\r\n     (adsbygoogle = window.adsbygoogle || []).push({});\r\n<\/script>\n<\/div>\n<p>Bel\u00e9m \u00e9\u00a0o munic\u00edpio mais populoso do Par\u00e1 e o segundo da regi\u00e3o Norte. A <strong>popula\u00e7\u00e3o de Bel\u00e9m<\/strong> \u00e9 em n\u00famero de 1 485 732 habitantes, segundo estimativa do IBGE em 2018, e o 12\u00ba munic\u00edpio mais populoso do Brasil. Ocupa a 22\u00aa posi\u00e7\u00e3o no ranking de IDH por capital (0,746, alto) e a sexta posi\u00e7\u00e3o na lista de maiores IDH da regi\u00e3o Norte \u2013 3\u00ba maior IDH por capital por regi\u00e3o.<\/p>\n<p>Bel\u00e9m \u00e9 um munic\u00edpio brasileiro e capital do estado do Par\u00e1, situado na regi\u00e3o Norte do pa\u00eds. A cidade foi fundada em 12 de janeiro de 1616 pelos portugueses, desenvolvendo-se \u00e0s margens da ba\u00eda Guajar\u00e1.<\/p>\n<p><img loading=\"lazy\" decoding=\"async\" class=\"alignnone wp-image-620 size-full\" title=\"Popula\u00e7\u00e3o Bel\u00e9m\" src=\"http:\/\/www.encontrabelem.com.br\/sobre\/wp-content\/uploads\/2019\/03\/popula\u00e7\u00e3o-de-belem.gif\" alt=\"Popula\u00e7\u00e3o Bel\u00e9m\" width=\"680\" height=\"189\" \/><\/p>\n<p>\u00c9 uma cidade hist\u00f3rica e portu\u00e1ria, localizada ao extremo nordeste da maior floresta tropical do mundo, sendo a capital mais chuvosa do Brasil devido a seu clima equatorial, influenciada diretamente pela Amaz\u00f4nia. Bel\u00e9m possui uma \u00e1rea de 1 059,458 km\u00b2 e uma altitude de dez metros ao n\u00edvel m\u00e9dio do mar, estando a cerca de 2 140 km da capital federal, Bras\u00edlia.<\/p>\n<h2>Popula\u00e7\u00e3o de\u00a0Bel\u00e9m \u2013 IBGE<\/h2>\n<p>A popula\u00e7\u00e3o de Bel\u00e9m \u00e9 de 1 485 732 habitantes, segundo estimativa do Instituto Brasileiro de Geografia e Estat\u00edstica (<em>IBGE<\/em>) em 2018, fazendo do munic\u00edpio o mais populoso do Par\u00e1 e 12\u00aa cidade mais populosa do Brasil (2\u00ba maior da regi\u00e3o Norte do pa\u00eds).<\/p>\n<p>De acordo com o censo demogr\u00e1fico de 2010, 734.391 habitantes eram mulheres (equivalendo a 50,78% da popula\u00e7\u00e3o), e 659.008 homens (representando 45,57% da popula\u00e7\u00e3o); Com a maior parte da popula\u00e7\u00e3o (67,83%) com idade entre 15 e 64 anos (980.878 habitantes), e expectativa de vida de 74 anos. Comparando 2010 \u00e0 atualmente, houve um crescimento populacional de 3,64%. Possuindo assim, a 2\u00aa segunda maior densidade demogr\u00e1fica desta macrorregi\u00e3o (1.315 hab\/km\u00b2), onde 1 380.836 vivem em zona urbana, enquanto que apenas 11 195 vivem em zona rural. Em 2008, 97,63% de sua popula\u00e7\u00e3o era alfabetizada.<\/p>\n<p>Sua regi\u00e3o metropolitana (RMB) \u00e9 a segunda mais populosa da Amaz\u00f4nia (2 402.437 hab), a 14.\u00aa mais populosa do pa\u00eds[nota 4][116] e a 178\u00aa do mundo. \u00c9 classificada como uma das capitais com melhor qualidade de vida do Norte brasileiro.\u00a0De acordo com um estudo gen\u00e9tico de 2013, a ancestralidade da popula\u00e7\u00e3o de Bel\u00e9m \u00e9 composta por: 53,70% de contribui\u00e7\u00e3o europeia, 29,50% de contribui\u00e7\u00e3o ind\u00edgena e 16,8% de contribui\u00e7\u00e3o africana.<\/p>\n<h3>Popula\u00e7\u00e3o de\u00a0Bel\u00e9m\u00a0\u2013\u00a0Regi\u00e3o Metropolitana<\/h3>\n<p>Criada por lei complementar federal em 1973 alterada em 1995, 2010 e em 2011, a <em>Regi\u00e3o Metropolitana<\/em> de Bel\u00e9m (RMB), com 2 381 661 habitantes IBGE\/2014, compreende os munic\u00edpios de Ananindeua, Bel\u00e9m, Benevides, Marituba, Santa B\u00e1rbara do Par\u00e1, Santa Isabel do Par\u00e1 e Castanhal. Devido ao intenso processo de conurba\u00e7\u00e3o, hoje a Regi\u00e3o Metropolitana de Bel\u00e9m \u00e9 um dos maiores aglomerados urbanos da Regi\u00e3o Norte. \u00c9 a 177\u00aa maior \u00e1rea metropolitana do mundo e 11\u00aa do Brasil.<\/p>\n<p>Cidades pr\u00f3ximas como Abaetetuba e Barcarena encontram-se sob influ\u00eancia direta de Bel\u00e9m, sendo que as duas j\u00e1 ultrapassaram a marca de cem mil habitantes. A regi\u00e3o do &#8220;Entorno de Bel\u00e9m&#8221;, compreende munic\u00edpios em um raio de at\u00e9 60 quil\u00f4metros a partir da cidade, apresentando integra\u00e7\u00e3o cont\u00ednua, com uma popula\u00e7\u00e3o que se aproxima de 3 milh\u00f5es de pessoas.<\/p>\n<h3>Popula\u00e7\u00e3o de\u00a0Bel\u00e9m\u00a0\u2013\u00a0Religi\u00e3o<\/h3>\n<p>A maior parte da popula\u00e7\u00e3o na cidade \u00e9 cat\u00f3lica, por\u00e9m \u00e9 poss\u00edvel encontrar pessoas adeptas das mais diversas <em>religi\u00f5es<\/em>, as principais s\u00e3o: espiritismo, protestantismo, juda\u00edsmo, neopaganismo, islamismo e tamb\u00e9m est\u00e3o muito presentes as religi\u00f5es afro-brasileiras (tambor de mina e baba\u00e7u\u00ea) trazidas da \u00c1frica pelos escravizados. Cerca de 72,10% da popula\u00e7\u00e3o de Bel\u00e9m \u00e9 cat\u00f3lica, 18,30% s\u00e3o protestantes, 1,53% s\u00e3o de orienta\u00e7\u00e3o Esp\u00edrita, 0,19% s\u00e3o seguidores de religi\u00f5es de origem africana e 0,1% s\u00e3o judeus.<\/p>\n<p>Religi\u00e3o predominante no estado e o munic\u00edpio de Bel\u00e9m, sedia o evento religioso C\u00edrio de Nazar\u00e9, que acontece anualmente no segundo domingo de outubro, reunindo cerca de dois milh\u00f5es de fi\u00e9is. O C\u00edrio, em devo\u00e7\u00e3o a Nossa Senhora de Nazar\u00e9, \u00e9 a maior festa crist\u00e3 do pa\u00eds e a maior prociss\u00e3o cat\u00f3lica do mundo, sendo celebrada desde 1793, em Bel\u00e9m. Atualmente, as manifesta\u00e7\u00f5es de devo\u00e7\u00f5es religiosas estendem-se por quinze dias, durante a chamada quadra Nazarena. Entre os pontos altos dessa manifesta\u00e7\u00e3o, destacam-se: romaria fluvial, romaria rodovi\u00e1ria, moto-romaria, translada\u00e7\u00e3o, prociss\u00e3o do C\u00edrio, o C\u00edrio propriamente dito e o rec\u00edrio. A capital paraense possui in\u00fameras igrejas, capelas e santu\u00e1rios, das quais se destacam a Catedral Metropolitana de Bel\u00e9m, a Bas\u00edlica de Nossa Senhora de Nazar\u00e9 e a Igreja de Santo Alexandre (atualmente Museu de Arte Sacra), Santu\u00e1rio de Nossa Senhora de F\u00e1tima, Igreja Nossa Senhora das M\u00earces, Igreja Nossa Senhora do Carmo, entre outras.<\/p>\n<p>No in\u00edcio do s\u00e9culo XX, a Igreja Batista da cidade recebeu dois mission\u00e1rios batistas suecos oriundos dos Estados Unidos: Daniel Berg e Gunnar Vingren. Mission\u00e1rios vieram para o Brasil embalados pelo trabalho mission\u00e1rio nos EUA, sob a autoriza\u00e7\u00e3o do reverendo Nelson ficavam \u00e0 frente do trabalho enquanto esse ia aos EUA em busca de fundos para a obra. Enquanto fora, os mission\u00e1rios aproveitavam a oportunidade para pregar o pentecostalismo ao qual tinha se convertido ainda nos Estados Unidos. Devido \u00e0s dissens\u00f5es, acabaram sendo convidados a se retirarem em 1910, formando sua pr\u00f3pria congrega\u00e7\u00e3o com o grupo que concordava com os novos ensinos. Mais tarde essa congrega\u00e7\u00e3o seria chamada Igreja Evang\u00e9lica Assembleia de Deus, a maior igreja evang\u00e9lica do Brasil e a maior igreja pentecostal do mundo. Assim Bel\u00e9m se tornou o ber\u00e7o da doutrina pentecostal evang\u00e9lica e j\u00e1 foi palco de grandes eventos religiosos. Depois do catolicismo, a evang\u00e9lica \u00e9 a segunda religi\u00e3o mais praticada na cidade e possui um grande n\u00fameros de casas de ora\u00e7\u00e3o, dentre as quais as principais s\u00e3o: Assembleia de Deus (tendo sua funda\u00e7\u00e3o nacional primeiramente em Bel\u00e9m), Igreja Internacional da Gra\u00e7a de Deus, Igreja do Evangelho Quadrangular, Igreja Universal do Reino de Deus e Igreja Batista. Outras denomina\u00e7\u00f5es evang\u00e9licas presentes na cidade: Igreja de Jesus Cristo dos Santos dos \u00daltimos Dias, Igreja Anglicana, Igreja Adventista do S\u00e9timo Dia e Testemunhas de Jeov\u00e1.<\/p>\n<p>A maioria dos judeus em Bel\u00e9m chegaram \u00e0 cidade no s\u00e9culo XIX, oriundos do Marrocos, descendentes dos refugiados da Inquisi\u00e7\u00e3o na Espanha e em Portugal (1496). Os judeus se dirigiram para a regi\u00e3o com intuito de poder praticar sua f\u00e9 com liberdade e enriquecer com o crescente extrativismo da regi\u00e3o, facilitados por ser uma cidade portu\u00e1ria atingida pela carta r\u00e9gia, que abriu os portos do pa\u00eds para na\u00e7\u00f5es amigas. Muitos migraram diretamente para Bel\u00e9m, fundando a primeira Comunidade Judaica da Amaz\u00f4nia e do Brasil Rep\u00fablica, alguns se espalharam no interior ao longo do Rio Amazonas, depois migrando para a capital devido fortalecimento da comunidade .<\/p>\n<p>Em 1824, foi inaugurada a primeira sinagoga do Brasil Imp\u00e9rio, a &#8220;Eshel Abraham&#8221;, e o primeiro cemit\u00e9rio judaico do pa\u00eds em 1842. Com a proclama\u00e7\u00e3o da rep\u00fablica e a separa\u00e7\u00e3o da Igreja do Estado, em 1889, esse fluxo foi intensificado, aliado ao Ciclo da Borracha, que estava vivendo seu apogeu nesse per\u00edodo. Bel\u00e9m sedia a Congrega\u00e7\u00e3o Israelita do Par\u00e1, com tr\u00eas sinagogas \u2014 Eshel Abraham (1824), Shaar Hashamaim (1889) e uma unidade Beit Chabad \u2014 uma necr\u00f3pole israelita, um cemit\u00e9rio judeu e uma Hebraica campestre. Todos as cinco constru\u00e7\u00f5es citadas inicialmente est\u00e3o situadas no centro urbano da capital, na tr\u00edplice divisa dos bairros da Campina, Batista Campos e Nazar\u00e9.[carece de fontes] Segundo Censo, a capital paraense \u00e9 o domic\u00edlio de 1.346 judeus &#8211; o munic\u00edpio concentra quase 70% dos judeus do estado &#8211; sendo a quinta cidade com o maior concentra\u00e7\u00e3o no pa\u00eds e a primeira no Norte. A comunidade \u00e9 predominantemente sefaradita. A cidade tamb\u00e9m possui uma comunidade mu\u00e7ulmana, a maioria descendentes de imigrantes, principalmente libaneses. Bel\u00e9m possui uma mesquita, que integra o Centro Isl\u00e2mico Cultural do Par\u00e1. H\u00e1 tamb\u00e9m uma pequena comunidade Hare Krishna, que mant\u00e9m um Centro Cultural que realiza festivais aos s\u00e1bados, al\u00e9m de outros eventos como palestras.<\/p>\n<h3>Mapa da Popula\u00e7\u00e3o de Bel\u00e9m<\/h3>\n<p><img loading=\"lazy\" decoding=\"async\" class=\"alignnone wp-image-621 size-full\" title=\"Mapa da Popula\u00e7\u00e3o de Bel\u00e9m\" src=\"http:\/\/www.encontrabelem.com.br\/sobre\/wp-content\/uploads\/2019\/03\/mapa-da-pop.gif\" alt=\"Mapa da Popula\u00e7\u00e3o de Bel\u00e9m\" width=\"804\" height=\"568\" \/><\/p>\n\n<div style=\"font-size: 0px; height: 0px; line-height: 0px; margin: 0; padding: 0; clear: both;\"><\/div>","protected":false},"excerpt":{"rendered":"<p>Bel\u00e9m \u00e9\u00a0o munic\u00edpio mais populoso do Par\u00e1 e o segundo da regi\u00e3o Norte. A popula\u00e7\u00e3o de Bel\u00e9m \u00e9 em n\u00famero de 1 485 732 habitantes, segundo estimativa do IBGE em 2018, e o 12\u00ba munic\u00edpio mais populoso do Brasil. Ocupa a 22\u00aa posi\u00e7\u00e3o no ranking de IDH por capital (0,746, alto) e a sexta posi\u00e7\u00e3o na lista de maiores IDH da regi\u00e3o Norte \u2013 3\u00ba maior IDH por capital por regi\u00e3o. Bel\u00e9m \u00e9 um munic\u00edpio brasileiro e capital do estado do Par\u00e1, situado na regi\u00e3o Norte do pa\u00eds. A cidade foi fundada em 12 de janeiro de 1616 pelos portugueses, <\/p>\n","protected":false},"author":1,"featured_media":0,"parent":0,"menu_order":0,"comment_status":"closed","ping_status":"closed","template":"","meta":{"footnotes":""},"class_list":["post-619","page","type-page","status-publish","hentry"],"aioseo_notices":[],"_links":{"self":[{"href":"https:\/\/www.encontrabelem.com.br\/sobre\/wp-json\/wp\/v2\/pages\/619","targetHints":{"allow":["GET"]}}],"collection":[{"href":"https:\/\/www.encontrabelem.com.br\/sobre\/wp-json\/wp\/v2\/pages"}],"about":[{"href":"https:\/\/www.encontrabelem.com.br\/sobre\/wp-json\/wp\/v2\/types\/page"}],"author":[{"embeddable":true,"href":"https:\/\/www.encontrabelem.com.br\/sobre\/wp-json\/wp\/v2\/users\/1"}],"replies":[{"embeddable":true,"href":"https:\/\/www.encontrabelem.com.br\/sobre\/wp-json\/wp\/v2\/comments?post=619"}],"version-history":[{"count":0,"href":"https:\/\/www.encontrabelem.com.br\/sobre\/wp-json\/wp\/v2\/pages\/619\/revisions"}],"wp:attachment":[{"href":"https:\/\/www.encontrabelem.com.br\/sobre\/wp-json\/wp\/v2\/media?parent=619"}],"curies":[{"name":"wp","href":"https:\/\/api.w.org\/{rel}","templated":true}]}}