{"id":526,"date":"2019-02-08T14:13:06","date_gmt":"2019-02-08T16:13:06","guid":{"rendered":"http:\/\/www.encontrabelem.com.br\/sobre\/?page_id=526"},"modified":"2019-06-11T04:36:17","modified_gmt":"2019-06-11T07:36:17","slug":"senac-belem","status":"publish","type":"page","link":"https:\/\/www.encontrabelem.com.br\/sobre\/senac-belem","title":{"rendered":"Senac Bel\u00e9m"},"content":{"rendered":"<div class=\"b22802487b0d38c4c6d9f34966e16421\" data-index=\"1\" style=\"float: none; margin:0px;\">\n<!-- Anuncio display - global -->\r\n<ins class=\"adsbygoogle\"\r\n     style=\"display:block\"\r\n     data-ad-client=\"ca-pub-8585364105181520\"\r\n     data-ad-slot=\"8789329856\"\r\n     data-ad-format=\"auto\"\r\n     data-full-width-responsive=\"true\"><\/ins>\r\n<script>\r\n     (adsbygoogle = window.adsbygoogle || []).push({});\r\n<\/script>\n<\/div>\n<p class=\"lead\">O <strong>SENAC\u00a0Bel\u00e9m<\/strong> \u00e9 uma institui\u00e7\u00e3o brasileira de educa\u00e7\u00e3o profissional, aberta a toda a sociedade, criada em 10 de janeiro de 1946 atrav\u00e9s do decreto-lei 8.621.\u00a0\u00c9 o principal agente da educa\u00e7\u00e3o profissional voltado ao setor de com\u00e9rcio de bens, servi\u00e7os e turismo.<\/p>\n<p class=\"lead\">Uma entidade privada com fins p\u00fablicos, mantida pelos empregadores do com\u00e9rcio.\u00a0Submete-se ao Minist\u00e9rio do Trabalho e Emprego enquanto servi\u00e7o nacional de qualifica\u00e7\u00e3o de m\u00e3o-de-obra e ao Minist\u00e9rio da Educa\u00e7\u00e3o no \u00e2mbito do Sistema Federal de Ensino, conforme Lei Federal n\u00ba 12.513\/2011.<\/p>\n<p><img loading=\"lazy\" decoding=\"async\" class=\"alignnone wp-image-527 size-full\" title=\"Senac Bel\u00e9m\" src=\"http:\/\/www.encontrabelem.com.br\/sobre\/wp-content\/uploads\/2019\/02\/senac-belem.gif\" alt=\"Senac Bel\u00e9m\" width=\"680\" height=\"189\" \/><\/p>\n<p>Est\u00e1 presente nos 26 estados brasileiros e no Distrito Federal, com educa\u00e7\u00e3o profissional em 12 \u00e1reas de forma\u00e7\u00e3o, incluindo cursos de idiomas. No estado do Par\u00e1 o Senac est\u00e1 presente desde em 18 de julho de 1947 e integra o sistema Federa\u00e7\u00e3o do Com\u00e9rcio do Par\u00e1 (Fecom\u00e9rcio-PA). A Institui\u00e7\u00e3o tem como foco desenvolver pessoas e organiza\u00e7\u00f5es para o mundo do trabalho atrav\u00e9s de a\u00e7\u00f5es educacionais, disseminando conhecimentos em Com\u00e9rcio de Bens, Servi\u00e7os e Turismo.<\/p>\n<p>Senac no Par\u00e1 possui atualmente Centros de Educa\u00e7\u00e3o Profissional (CEP) em Bel\u00e9m, Castanhal, Parauapebas e Santar\u00e9m, al\u00e9m do Centros de Educa\u00e7\u00e3o Profissional A\u00e7\u00f5es M\u00f3veis. Possui N\u00facleos de Educa\u00e7\u00e3o Profissional (NEP) em Marab\u00e1, Reden\u00e7\u00e3o e Barcarena e uma base remota em Capanema. Conta ainda com as Coordenadorias de Relacionamento com o Mercado e de Educa\u00e7\u00e3o a Dist\u00e2ncia (CEAD), promovendo a democratiza\u00e7\u00e3o do acesso ao ensino profissionalizante, independente de dist\u00e2ncias ou condi\u00e7\u00f5es sociais.<\/p>\n<h2>Senac Bel\u00e9m Cursos<\/h2>\n<p>O Senac preparou mais de 40 milh\u00f5es de pessoas para o setor de Com\u00e9rcio e Servi\u00e7os, contribuindo para a valoriza\u00e7\u00e3o do trabalhador, por meio de sua capacita\u00e7\u00e3o profissional com uma vasta op\u00e7\u00e3o de cursos em doze \u00e1reas de forma\u00e7\u00e3o, incluindo cursos de idiomas.<\/p>\n<p>No Senac h\u00e1 tamb\u00e9m cursos para \u201cjovens aprendizes\u201d, entre idade de 14 e 24 anos (e sem limite de idade para portadores de defici\u00eancias), com a capacita\u00e7\u00e3o e desenvolvimento da qualifica\u00e7\u00e3o profissional dos jovens na entrada do mercado de trabalho.<\/p>\n<p>O Senac Fortaleza oferece <em>cursos<\/em> em:<\/p>\n<ul>\n<li>Beleza<\/li>\n<li>Asseio, Conserva\u00e7\u00e3o e Zeladoria<\/li>\n<li>Com\u00e9rcio<\/li>\n<li>Comunica\u00e7\u00e3o<\/li>\n<li>Educacional<\/li>\n<li>Eventos<\/li>\n<li>Gastronomia<\/li>\n<li>Gest\u00e3o<\/li>\n<li>Hospedagem<\/li>\n<li>Idiomas<\/li>\n<li>Inform\u00e1tica<\/li>\n<li>Produ\u00e7\u00e3o de Alimentos<\/li>\n<li>Sa\u00fade<\/li>\n<li>Seguran\u00e7a<\/li>\n<li>Turismo<\/li>\n<\/ul>\n<h3>Senac Bel\u00e9m Jovem Aprendiz<\/h3>\n<p>O Senac contrata jovens do Programa <em>Jovem Aprendiz<\/em>, inscreva-se e trabalhe no Senac.<\/p>\n<h3>Senac Bel\u00e9m Trabalhe Conosco<\/h3>\n<p>Voc\u00ea pode se candidatar a uma<em> vaga de trabalho<\/em> no Senac Fortaleza acessando o Banco de Talentos da institui\u00e7\u00e3o.<\/p>\n<p>No pr\u00f3prio site \u00e9 poss\u00edvel consultar as vagas dispon\u00edveis, o per\u00edodo de inscri\u00e7\u00e3o e requisitos para preencher a vaga. Voc\u00ea poder\u00e1 se candidatar a vaga preenchendo o formul\u00e1rio pelo pr\u00f3prio site.<\/p>\n<h3>Hor\u00e1rio de Funcionamento Senac\u00a0Bel\u00e9m<\/h3>\n<ul>\n<li>Segunda a Sexta: das 08:00 \u00e0s 20h\/ S\u00e1bado: das 08:00 \u00e0s 12h<\/li>\n<li>Os hor\u00e1rios podem mudar de acordo com a unidade. Consulte o local para saber sobre hor\u00e1rios.<\/li>\n<\/ul>\n<h3>Endere\u00e7o e Telefone Senac Bel\u00e9m<\/h3>\n<ul>\n<li>Rua Senador Manoel Barata, 1062 &#8211; Bel\u00e9m &#8211; PA<\/li>\n<li>Telefone: 0800 701 4492<\/li>\n<\/ul>\n<h4>Outras informa\u00e7\u00f5es e site<\/h4>\n<ul>\n<li>Mais informa\u00e7\u00f5es:\u00a0<a href=\"https:\/\/www.pa.senac.br\/\" target=\"_blank\" rel=\"noopener noreferrer\">www.pa.senac.br<\/a><\/li>\n<\/ul>\n<h4>Mapa de localiza\u00e7\u00e3o<\/h4>\n<a class=\"wp-colorbox-iframe\" href=\"https:\/\/www.google.com\/maps\/embed?pb=!1m18!1m12!1m3!1d3988.542610457225!2d-48.4972726852458!3d-1.4489339989432821!2m3!1f0!2f0!3f0!3m2!1i1024!2i768!4f13.1!3m3!1m2!1s0x92a48e938a92b79f0x4d0220958301900c!2sR.+Sen.+Manoel+Barata+1062+-+Reduto+Belm+-+PA+66010-147!5e0!3m2!1spt-BR!2sbr!4v1549642178233\"><img decoding=\"async\" src=\"http:\/\/www.encontrabelem.com.br\/imgs\/maps-post.png\"><\/a>\n\n<div style=\"font-size: 0px; height: 0px; line-height: 0px; margin: 0; padding: 0; clear: both;\"><\/div>","protected":false},"excerpt":{"rendered":"<p>O SENAC\u00a0Bel\u00e9m \u00e9 uma institui\u00e7\u00e3o brasileira de educa\u00e7\u00e3o profissional, aberta a toda a sociedade, criada em 10 de janeiro de 1946 atrav\u00e9s do decreto-lei 8.621.\u00a0\u00c9 o principal agente da educa\u00e7\u00e3o profissional voltado ao setor de com\u00e9rcio de bens, servi\u00e7os e turismo. Uma entidade privada com fins p\u00fablicos, mantida pelos empregadores do com\u00e9rcio.\u00a0Submete-se ao Minist\u00e9rio do Trabalho e Emprego enquanto servi\u00e7o nacional de qualifica\u00e7\u00e3o de m\u00e3o-de-obra e ao Minist\u00e9rio da Educa\u00e7\u00e3o no \u00e2mbito do Sistema Federal de Ensino, conforme Lei Federal n\u00ba 12.513\/2011. Est\u00e1 presente nos 26 estados brasileiros e no Distrito Federal, com educa\u00e7\u00e3o profissional em 12 \u00e1reas de forma\u00e7\u00e3o, <\/p>\n","protected":false},"author":1,"featured_media":0,"parent":0,"menu_order":0,"comment_status":"closed","ping_status":"closed","template":"","meta":{"footnotes":""},"class_list":["post-526","page","type-page","status-publish","hentry"],"aioseo_notices":[],"_links":{"self":[{"href":"https:\/\/www.encontrabelem.com.br\/sobre\/wp-json\/wp\/v2\/pages\/526","targetHints":{"allow":["GET"]}}],"collection":[{"href":"https:\/\/www.encontrabelem.com.br\/sobre\/wp-json\/wp\/v2\/pages"}],"about":[{"href":"https:\/\/www.encontrabelem.com.br\/sobre\/wp-json\/wp\/v2\/types\/page"}],"author":[{"embeddable":true,"href":"https:\/\/www.encontrabelem.com.br\/sobre\/wp-json\/wp\/v2\/users\/1"}],"replies":[{"embeddable":true,"href":"https:\/\/www.encontrabelem.com.br\/sobre\/wp-json\/wp\/v2\/comments?post=526"}],"version-history":[{"count":0,"href":"https:\/\/www.encontrabelem.com.br\/sobre\/wp-json\/wp\/v2\/pages\/526\/revisions"}],"wp:attachment":[{"href":"https:\/\/www.encontrabelem.com.br\/sobre\/wp-json\/wp\/v2\/media?parent=526"}],"curies":[{"name":"wp","href":"https:\/\/api.w.org\/{rel}","templated":true}]}}