{"id":448,"date":"2019-01-28T13:19:14","date_gmt":"2019-01-28T15:19:14","guid":{"rendered":"http:\/\/www.encontrabelem.com.br\/sobre\/?page_id=448"},"modified":"2019-01-31T04:48:12","modified_gmt":"2019-01-31T06:48:12","slug":"aeroporto-de-belem","status":"publish","type":"page","link":"https:\/\/www.encontrabelem.com.br\/sobre\/aeroporto-de-belem","title":{"rendered":"Aeroporto de Bel\u00e9m"},"content":{"rendered":"<div class=\"b22802487b0d38c4c6d9f34966e16421\" data-index=\"1\" style=\"float: none; margin:0px;\">\n<!-- Anuncio display - global -->\r\n<ins class=\"adsbygoogle\"\r\n     style=\"display:block\"\r\n     data-ad-client=\"ca-pub-8585364105181520\"\r\n     data-ad-slot=\"8789329856\"\r\n     data-ad-format=\"auto\"\r\n     data-full-width-responsive=\"true\"><\/ins>\r\n<script>\r\n     (adsbygoogle = window.adsbygoogle || []).push({});\r\n<\/script>\n<\/div>\n<p>O <strong>Aeroporto Internacional de Bel\u00e9m<\/strong> &#8211; J\u00falio Cezar Ribeiro (IATA: BEL, ICAO: SBBE) \u00e9 um aeroporto internacional no munic\u00edpio de Bel\u00e9m, no Par\u00e1. \u00c9 o aeroporto mais movimentado da Regi\u00e3o Norte do Brasil em quantidade de passageiros transportados, ocupando a d\u00e9cima quarta coloca\u00e7\u00e3o no ranking de aeroportos do Brasil por movimento.<\/p>\n<p>Foi o primeiro aeroporto do Brasil, ainda nos anos 90, a adotar o padr\u00e3o atual de constru\u00e7\u00f5es dos aeroportos da INFRAERO, passando por uma completa reformula\u00e7\u00e3o e moderniza\u00e7\u00e3o, realizadas em duas fases por meio de investimentos conjuntos entre o Governo Federal e Governo do Estado do Par\u00e1.<\/p>\n<p><img loading=\"lazy\" decoding=\"async\" class=\"alignnone wp-image-450 size-full\" title=\"Aeroporto de Bel\u00e9m\" src=\"http:\/\/www.encontrabelem.com.br\/sobre\/wp-content\/uploads\/2019\/01\/aeropoto-de-belem.gif\" alt=\"Aeroporto de Bel\u00e9m\" width=\"680\" height=\"189\" \/><\/p>\n<p>A primeira etapa do projeto foi entregue \u00e0 popula\u00e7\u00e3o em 1999, consistindo numa edifica\u00e7\u00e3o completamente nova e refrigerada que introduziu no estado do Par\u00e1 o uso de jetbridges\/fingers, at\u00e9 ent\u00e3o in\u00e9ditos para os passageiros do aeroporto. Inaugurada a 1\u00aa fase do projeto, o antigo terminal de passageiros foi demolido para dar lugar a uma extens\u00e3o do novo pr\u00e9dio, abrigando uma nova sala de desembarque, mais lojas, amplia\u00e7\u00e3o da sala de embarque, acr\u00e9scimo de mais 2 fingers, bem como um terra\u00e7o panor\u00e2mico. Em 2001, a 2\u00aa etapa das obras foi inaugurada e o projeto do novo Aeroporto Internacional de Bel\u00e9m finalizado, representado um investimento aproximado de R$ 78 milh\u00f5es, somente no terminal de passageiros, valor equivalente a mais de 41 milh\u00f5es de d\u00f3lares considerando a cota\u00e7\u00e3o da \u00e9poca.<\/p>\n<p>Ao todo, o terminal de passageiros do Aeroporto Internacional de Bel\u00e9m \u00e9 um dos maiores e mais modernos do Brasil e est\u00e1 localizado em uma \u00e1rea de 33 mil m\u00b2. O local conta com uma sala de embarque internacional e seis pontes de embarque e desembarque, sendo uma revers\u00edvel, uma internacional e quatro dom\u00e9sticas, oferecendo aos seus usu\u00e1rios uma estrutura com 30 balc\u00f5es de check in, quatro esteiras de restitui\u00e7\u00e3o de bagagens, sistema eletr\u00f4nico informativo de voo, estabelecimentos comerciais, al\u00e9m de um terra\u00e7o panor\u00e2mico, este \u00faltimo instalado em um espa\u00e7o climatizado, possibilitando a visualiza\u00e7\u00e3o do embarque e desembarque de passageiros sem o inconveniente da polui\u00e7\u00e3o sonora.<\/p>\n<p>Administrado pela INFRAERO, o complexo possui torre de controle, controle de aproxima\u00e7\u00e3o e duas pistas de pouso, sendo a maior de 2.800m.\u00a0A seguran\u00e7a \u00e9 preocupa\u00e7\u00e3o constante no Aeroporto Internacional de Bel\u00e9m. A fiscaliza\u00e7\u00e3o foi intensificada e todos os funcion\u00e1rios est\u00e3o atentos a qualquer atitude que possa ser considerada suspeita. Al\u00e9m disso, a vigil\u00e2ncia no terminal \u00e9 refor\u00e7ada com c\u00e2meras de TV.<\/p>\n<h2>Aeroporto de\u00a0Bel\u00e9m V\u00f4os<\/h2>\n<p>Voc\u00ea pode pesquisar sobre as partidas e chegadas dos <em>v\u00f4os<\/em> pela p\u00e1gina do aeroporto, basta pesquisar pelo n\u00famero descrito na passagem.<\/p>\n<h3>Aeroporto\u00a0Bel\u00e9m\u00a0Cias A\u00e9reas<\/h3>\n<p>No Aeroporto de Bel\u00e9m funcionam as seguintes<em> Cias A\u00e9reas:<br \/>\n<\/em><\/p>\n<ul>\n<li>Azul<\/li>\n<li>Avianca<\/li>\n<li>Gol<\/li>\n<li>Map<\/li>\n<li>Sete<\/li>\n<li>Surinam Airways<\/li>\n<li>Latam Airlines<\/li>\n<li>Tap<\/li>\n<\/ul>\n<h3>Aeroporto\u00a0Bel\u00e9m\u00a0Restaurantes<\/h3>\n<p>No Aeroporto de Bel\u00e9m \u00e9 poss\u00edvel encontrar lojas de v\u00e1rios segmentos incluindo<em> restaurantes <\/em>variados para agradar ao paladar de todos os usu\u00e1rios.<\/p>\n<h3>Aeroporto\u00a0Bel\u00e9m Fotos<\/h3>\n<p><img loading=\"lazy\" decoding=\"async\" class=\"alignnone wp-image-449 size-full\" title=\"Aeroporto de Bel\u00e9m Fotos\" src=\"http:\/\/www.encontrabelem.com.br\/sobre\/wp-content\/uploads\/2019\/01\/aeroporto-fotos.gif\" alt=\"Aeroporto de Bel\u00e9m Fotos\" width=\"659\" height=\"500\" \/><\/p>\n<h3>Vagas\u00a0Aeroporto Internacional de Bel\u00e9m &#8211; Trabalhe Conosco<\/h3>\n<p>Atitude, responsabilidade, resili\u00eancia, criatividade, comprometimento para resultado, e saber trabalhar em equipe s\u00e3o algumas compet\u00eancias necess\u00e1rias para fazer parte do time. Se voc\u00ea tem esse perfil e est\u00e1 em busca de oportunidades em uma empresa l\u00edder de mercado envie agora mesmo seu curr\u00edculo para\u00a0o Aeroporto Internacional de Bel\u00e9m.<\/p>\n<h3>Hor\u00e1rio de Funcionamento\u00a0Aeroporto Internacional\u00a0em Bel\u00e9m<\/h3>\n<ul>\n<li>24 horas<\/li>\n<\/ul>\n<h3>Endere\u00e7o e Telefone\u00a0Aeroporto Internacional em Bel\u00e9m<\/h3>\n<ul>\n<li>Av. J\u00falio C\u00e9sar, s\/n &#8211; Val-de-Cans &#8211; Bel\u00e9m &#8211; PA<\/li>\n<li>Telefone: (91) 3210-6000<\/li>\n<\/ul>\n<h4>Outras informa\u00e7\u00f5es e site<\/h4>\n<ul>\n<li>Mais informa\u00e7\u00f5es:\u00a0<a href=\"https:\/\/www.aeroportosbrasil.com.br\/aeroporto-internacional-de-belemval-de-cansjulio-cezar-ribeiro\/\" target=\"_blank\" rel=\"noopener noreferrer\">www.aeroportosbrasil.com.br\/aeroporto-internacional-de-belemval-de-cansjulio-cezar-ribeiro<\/a><\/li>\n<\/ul>\n<h4>Mapa de localiza\u00e7\u00e3o<\/h4>\n<a class=\"wp-colorbox-iframe\" href=\"https:\/\/www.google.com\/maps\/embed?pb=!1m14!1m8!1m3!1d15954.63057164789!2d-48.4775227!3d-1.3820615!3m2!1i1024!2i768!4f13.1!3m3!1m2!1s0x00xf038872483a4bbd7!2sAeroporto+Internacional+de+BelmVal-de-Cans+-+Jlio+Cezar+Ribeiro!5e0!3m2!1spt-BR!2sbr!4v1548688314986\"><img decoding=\"async\" src=\"http:\/\/www.encontrabelem.com.br\/imgs\/maps-post.png\"><\/a>\n\n<div style=\"font-size: 0px; height: 0px; line-height: 0px; margin: 0; padding: 0; clear: both;\"><\/div>","protected":false},"excerpt":{"rendered":"<p>O Aeroporto Internacional de Bel\u00e9m &#8211; J\u00falio Cezar Ribeiro (IATA: BEL, ICAO: SBBE) \u00e9 um aeroporto internacional no munic\u00edpio de Bel\u00e9m, no Par\u00e1. \u00c9 o aeroporto mais movimentado da Regi\u00e3o Norte do Brasil em quantidade de passageiros transportados, ocupando a d\u00e9cima quarta coloca\u00e7\u00e3o no ranking de aeroportos do Brasil por movimento. Foi o primeiro aeroporto do Brasil, ainda nos anos 90, a adotar o padr\u00e3o atual de constru\u00e7\u00f5es dos aeroportos da INFRAERO, passando por uma completa reformula\u00e7\u00e3o e moderniza\u00e7\u00e3o, realizadas em duas fases por meio de investimentos conjuntos entre o Governo Federal e Governo do Estado do Par\u00e1. A primeira <\/p>\n","protected":false},"author":1,"featured_media":0,"parent":0,"menu_order":0,"comment_status":"closed","ping_status":"closed","template":"","meta":{"footnotes":""},"class_list":["post-448","page","type-page","status-publish","hentry"],"aioseo_notices":[],"_links":{"self":[{"href":"https:\/\/www.encontrabelem.com.br\/sobre\/wp-json\/wp\/v2\/pages\/448","targetHints":{"allow":["GET"]}}],"collection":[{"href":"https:\/\/www.encontrabelem.com.br\/sobre\/wp-json\/wp\/v2\/pages"}],"about":[{"href":"https:\/\/www.encontrabelem.com.br\/sobre\/wp-json\/wp\/v2\/types\/page"}],"author":[{"embeddable":true,"href":"https:\/\/www.encontrabelem.com.br\/sobre\/wp-json\/wp\/v2\/users\/1"}],"replies":[{"embeddable":true,"href":"https:\/\/www.encontrabelem.com.br\/sobre\/wp-json\/wp\/v2\/comments?post=448"}],"version-history":[{"count":0,"href":"https:\/\/www.encontrabelem.com.br\/sobre\/wp-json\/wp\/v2\/pages\/448\/revisions"}],"wp:attachment":[{"href":"https:\/\/www.encontrabelem.com.br\/sobre\/wp-json\/wp\/v2\/media?parent=448"}],"curies":[{"name":"wp","href":"https:\/\/api.w.org\/{rel}","templated":true}]}}